actor of w and g?
4
Suppose 408 = -2*v + 3*v - 2*u, 2008 = 5*v - 2*u. Suppose -c - 4*c = -v. Suppose 0 = -o + 4*o - 30. Calculate the highest common factor of c and o.
10
Let v = -40 + 58. What is the highest common factor of 6 and v?
6
Let x = 4 + 8. Suppose -141 = -2*j - j. Let r = j - 17. Calculate the greatest common factor of x and r.
6
Let c be 18/(-8) + 1/4. Let k = c - -9. Calculate the greatest common factor of k and 56.
7
Suppose 3*g + g + 5*y = 5, 5*g = y + 28. Calculate the highest common divisor of g and 20.
5
Let l be 35 - (3 + -1 + 1). Suppose 2*q - 4*q + l = 0. Calculate the highest common divisor of q and 8.
8
Suppose -m = 2*m. Suppose 2*p + p - 36 = m. Let h = -96 - -204. What is the greatest common factor of h and p?
12
Suppose -5*c = -7*c + 30. Calculate the highest common divisor of 165 and c.
15
Let b be (3 + -2)*1 - -216. Calculate the greatest common divisor of b and 31.
31
Let q be -15*1*(2 - 3). Let w be 936/q + 4/(-10). Suppose 5*b + 3*n - 2*n - 87 = 0, -4*b + 3*n + w = 0. Calculate the highest common factor of 136 and b.
17
Let g(o) = 30*o. Let f be g(2). What is the greatest common divisor of f and 24?
12
Let n be (54/5)/((-21)/(-140)). Calculate the highest common divisor of 12 and n.
12
Let z = 16 + -19. Let n(q) = -6*q**3 - q - 3. Let j be n(z). What is the greatest common divisor of j and 18?
18
Let g be 116/6 - (-12)/18. Let s = 2 + -2. Suppose -3*z = -4*d + z + g, -4*d - 2*z + 50 = s. What is the greatest common divisor of 20 and d?
10
Let q = 31 + -24. Calculate the greatest common divisor of 63 and q.
7
Let n = -12 + 8. Let x be (n - (-2 - 0))*-4. What is the highest common factor of x and 24?
8
Suppose 0*m = -3*m + 4*f + 19, -m = -4*f + 7. Suppose 3*b + 5*g - 5 + 3 = 0, -3*g = -5*b + 60. Suppose 4 + b = p. What is the greatest common factor of p and m?
13
Let y = 9 + -7. Suppose -5*j - y*z + 82 = 0, 83 = 5*j - 5*z + 8. What is the highest common divisor of 16 and j?
16
Suppose -r - t = -17, -4*r + r + 4*t + 37 = 0. Let i = r - 12. What is the greatest common factor of i and 3?
3
Let p be 357/((1/2)/(9/18)). What is the greatest common factor of 21 and p?
21
Let g = 10 + -7. Let o(n) = -n**3 + 3*n**2 + 2. Let a be o(g). Let i = 2 + a. Calculate the greatest common factor of i and 32.
4
Let s = -89 - -179. Let z be 71/4 - ((-21)/(-12))/(-7). Calculate the greatest common factor of s and z.
18
Let g(f) = f**3 + 8*f**2 + 8*f + 1. Suppose 0 = t, 2*x = 5*x + t + 18. Let p be g(x). What is the greatest common factor of 5 and p?
5
Let m be (1/3)/((-1)/3). Let p be (429/3)/(m - -2). Suppose -65 = -5*s - 2*d, 4 - 30 = -2*s + 3*d. What is the greatest common divisor of s and p?
13
Let w = 4 + -1. Let i be 6/3 + 192/w. What is the greatest common divisor of 6 and i?
6
Let x = -50 - -95. What is the highest common divisor of x and 75?
15
Let u(k) = -k**3 - 10*k**2 - 11*k - 11. Let v be u(-9). Let a be (-2)/v - (-102)/14. Let m = -45 + 122. What is the highest common factor of m and a?
7
Let r be (-234)/(-78) - (-1 + 3*-3). What is the highest common factor of r and 91?
13
Suppose 3*m + 848 = 5*m. Let u be 1/(m/(-142) + 3). Let l = u + -49. What is the highest common factor of l and 44?
22
Suppose -2*i + 3*i - 15 = 0. What is the highest common factor of 30 and i?
15
Suppose 4*z = 2 + 10. Let x(q) = -q**3 - 7*q**2 + 1. Let b be x(-7). Calculate the highest common factor of z and b.
1
Let a(n) = n + 54. Let s be a(-15). Calculate the highest common factor of 6 and s.
3
Suppose 5*l + 4*i + 68 = 0, 2*l - 2*i = 2*i - 44. Let q = -11 - l. Suppose -4*g = q*a + 6, a + 2*a - 26 = 5*g. Calculate the highest common divisor of a and 2.
2
Let c = 0 + 0. Let n be -1 + (11 - 2) + c. Suppose 2 + n = m. What is the greatest common factor of m and 80?
10
Suppose i = -1, -35 - 7 = -4*n + 2*i. Calculate the highest common factor of 40 and n.
10
Let u(i) = 5*i - 20. Let v be u(8). Calculate the highest common divisor of v and 80.
20
Let r = -55 + 29. Let a = r + 40. What is the highest common divisor of 7 and a?
7
Let r = 40 - 23. What is the greatest common factor of 17 and r?
17
Let k(o) = o**3 + 4*o**2 + 3. Let m be k(-4). What is the greatest common factor of 3 and m?
3
Suppose l = 4*l. Suppose l*b = b - 60. What is the highest common divisor of 24 and b?
12
Suppose 4*r + 32 = 4*q, 3*q + r = -2 + 6. What is the greatest common factor of q and 39?
3
Suppose 58 = 4*p - 62. Calculate the highest common factor of p and 105.
15
Suppose 2*p - 4*h = 42, -p - 2*p - h = -56. What is the highest common factor of 171 and p?
19
Let r(x) = -16*x**2 - 3*x - 6. Let u(w) = 15*w**2 + 4*w + 7. Let v(l) = -6*r(l) - 5*u(l). Let y be v(1). What is the highest common divisor of 140 and y?
20
Let c be (-2)/15 - 423/(-135). Suppose 0 = -h + y - c*y + 293, 0 = -3*h + 3*y + 897. What is the highest common divisor of 27 and h?
27
Let g = -77 + 79. Calculate the highest common factor of 18 and g.
2
Suppose -5*y - 3*y = -448. What is the greatest common factor of y and 8?
8
Suppose 32*s - 28*s - 132 = 0. What is the highest common factor of s and 3?
3
Let v be (-482)/(-10) - 11/55. Calculate the highest common divisor of 12 and v.
12
Suppose -2*o - 340 = -3*w - 0*w, 4*w - o = 450. Calculate the greatest common divisor of w and 14.
14
Suppose 0 = 5*n + 2*s + 3*s - 5, -n + 4*s + 21 = 0. Suppose 3*o - 70 = 4*u, 4*u - 57 - n = -3*o. What is the greatest common factor of 11 and o?
11
Let d be (-2)/6*-219 - 3. Calculate the highest common divisor of d and 10.
10
Let m = 92 - 26. Suppose 4*f = -5*o + 24, -3*f + 6*f = o + 18. Calculate the highest common divisor of m and f.
6
Suppose 3*z = -3*n + 201 + 345, -3*n = -6. Let a be z/22 + (-2)/11. What is the greatest common divisor of 72 and a?
8
Suppose 3*g = m + 733, -m = -2*g + 5*g - 725. Calculate the greatest common divisor of g and 27.
27
Let n(o) = -o**3 + 10*o**2 + 14*o - 16. Let d be n(11). Let z = d + -3. What is the greatest common factor of 2 and z?
2
Let c(q) be the first derivative of q**3/3 - 2*q**2 - 2*q - 2. Let m be c(7). What is the greatest common factor of 19 and m?
19
Let c(y) = y**2 - y + 6. Let b be c(6). Suppose 2*o + o - b = 0. Calculate the highest common divisor of 48 and o.
12
Suppose -3*p - 2*x + 3*x + 11 = 0, 5*p - 5*x - 35 = 0. Let y be (-168)/(-16)*4/p. Calculate the greatest common factor of y and 7.
7
Let p(u) = u**2 + 2*u + 1. Let n(q) = q**2 + 3*q + 1. Let b(r) = -3*n(r) + 4*p(r). Let j be b(1). Calculate the highest common factor of j and 7.
1
Let o = 85 - -15. Let y be 20*2*(0 + 1). What is the greatest common factor of o and y?
20
Suppose 96 + 54 = 3*i. What is the highest common divisor of 20 and i?
10
Suppose -14 = -4*b - 2. Suppose -24*d + 29*d - 165 = 0. Calculate the greatest common factor of b and d.
3
Suppose u = 10*u - 270. Let c(j) = 3*j**2 + 3*j + 2. Let v be c(-3). Calculate the highest common divisor of u and v.
10
Suppose 0 = 3*r - 6*r + 6. Suppose 0 = 5*l - 13 + 3. Let b = l + 0. What is the highest common divisor of b and r?
2
Suppose 0 = 3*f + 22 - 67. Calculate the greatest common factor of 120 and f.
15
Suppose 9*j - 8*j = 6. What is the highest common factor of 66 and j?
6
Let k be -3 + 1 + 9 + 4. What is the highest common factor of k and 121?
11
Let p be (-1)/(267/90 - 3). Calculate the highest common factor of p and 75.
15
Suppose d - 3*r = -2*d + 159, 0 = 4*r. Let v = d + -35. Calculate the greatest common factor of v and 2.
2
Let u = 15 - 11. Let p(j) = 30 + j**2 - 2*j**2 - u*j + 4*j. Let q be p(0). Calculate the greatest common factor of 75 and q.
15
Let o be 0 - -2 - 944/(-4). Suppose -4*z + 2*g = -o, -3*g = -4*z - 5*g + 218. What is the highest common divisor of z and 19?
19
Let d = -20 + 33. Let q = 5 - d. Let z(l) = -5*l. Let h be z(q). Calculate the greatest common divisor of h and 5.
5
Let n = 22 + -21. Let y(g) = 145*g**2 - g. Let p be y(n). Calculate the greatest common factor of 16 and p.
16
Let h = 14 - -26. Suppose 3*w - 13 - 11 = 0. What is the highest common divisor of w and h?
8
Suppose 33 = -5*m + 88. Calculate the greatest common divisor of m and 44.
11
Suppose 0 = r + 5*j - 1, -2*j + 25 = r - 3*j. Let s be (148/(-6) + -1)*-9. What is the highest common factor of s and r?
21
Let p be 1938/27 + 3 - (-2)/9. What is the highest common divisor o